{"id":15078,"date":"2024-08-12T15:56:02","date_gmt":"2024-08-12T18:56:02","guid":{"rendered":"http:\/\/cercaviva.agr.br\/?page_id=15078"},"modified":"2024-08-12T16:06:18","modified_gmt":"2024-08-12T19:06:18","slug":"denuncia","status":"publish","type":"page","link":"https:\/\/cercaviva.agr.br\/?page_id=15078","title":{"rendered":"Den\u00fancia"},"content":{"rendered":"<div class=\"wpb-content-wrapper\"><p>[vc_row css=&#8221;.vc_custom_1723489147120{padding-top: 30px !important;padding-right: 20px !important;padding-bottom: 30px !important;padding-left: 20px !important;background-color: #547a02 !important;}&#8221;][vc_column][vc_column_text]<\/p>\n<h2 style=\"text-align: center;\"><strong><span style=\"color: #ffffff;\">Fa\u00e7a sua den\u00fancia<\/span><\/strong><\/h2>\n<p><strong><span style=\"color: #ffffff;\">Preencha o formul\u00e1rio abaixo para reportar qualquer incidente ou situa\u00e7\u00e3o que precise de aten\u00e7\u00e3o. Sua den\u00fancia pode ser feita de forma an\u00f4nima ou identificada, conforme sua prefer\u00eancia. Garantimos a confidencialidade de todas as informa\u00e7\u00f5es fornecidas.<\/span><\/strong><\/p>\n<p><strong><span style=\"color: #ffffff;\">Se optar por se identificar, suas informa\u00e7\u00f5es ser\u00e3o usadas exclusivamente para o acompanhamento e resolu\u00e7\u00e3o do caso. Caso prefira n\u00e3o se identificar, todas as den\u00fancias an\u00f4nimas ser\u00e3o tratadas com a mesma seriedade e rigor.<\/span><\/strong><\/p>\n<p><strong><span style=\"color: #ffffff;\">Sua colabora\u00e7\u00e3o \u00e9 fundamental para garantir um ambiente seguro e justo para todos.<\/span><\/strong>[\/vc_column_text]\r\n\t<div class=\"agrikole-spacer clearfix\" data-desktop=\"50\" data-mobi=\"20\" data-smobi=\"20\"><\/div>[\/vc_column][\/vc_row][vc_row css=&#8221;.vc_custom_1723489252141{background-color: #547a02 !important;}&#8221;][vc_column]<div role=\"form\" class=\"wpcf7\" id=\"wpcf7-f15077-o1\" lang=\"pt-BR\" dir=\"ltr\">\n<div class=\"screen-reader-response\" role=\"alert\" aria-live=\"polite\"><\/div>\n<form action=\"\/index.php?rest_route=%2Fwp%2Fv2%2Fpages%2F15078#wpcf7-f15077-o1\" method=\"post\" class=\"wpcf7-form init\" novalidate=\"novalidate\">\n<div style=\"display: none;\">\n<input type=\"hidden\" name=\"_wpcf7\" value=\"15077\" \/>\n<input type=\"hidden\" name=\"_wpcf7_version\" value=\"5.2\" \/>\n<input type=\"hidden\" name=\"_wpcf7_locale\" value=\"pt_BR\" \/>\n<input type=\"hidden\" name=\"_wpcf7_unit_tag\" value=\"wpcf7-f15077-o1\" \/>\n<input type=\"hidden\" name=\"_wpcf7_container_post\" value=\"0\" \/>\n<input type=\"hidden\" name=\"_wpcf7_posted_data_hash\" value=\"\" \/>\n<\/div>\n<p><span style=\"color: #ffffff;\"><label> Seu nome<br \/>\n    <span class=\"wpcf7-form-control-wrap your-name\"><input type=\"text\" name=\"your-name\" value=\"\" size=\"40\" class=\"wpcf7-form-control wpcf7-text\" aria-invalid=\"false\" \/><\/span> <\/label><\/span><\/p>\n<p><span style=\"color: #ffffff;\"><label> Seu e-mail<br \/>\n    <span class=\"wpcf7-form-control-wrap your-email\"><input type=\"email\" name=\"your-email\" value=\"\" size=\"40\" class=\"wpcf7-form-control wpcf7-text wpcf7-email wpcf7-validates-as-email\" aria-invalid=\"false\" \/><\/span> <\/label><\/span><\/p>\n<p><span style=\"color: #ffffff;\"><label> Assunto<br \/>\n    <span class=\"wpcf7-form-control-wrap your-subject\"><input type=\"text\" name=\"your-subject\" value=\"\" size=\"40\" class=\"wpcf7-form-control wpcf7-text\" aria-invalid=\"false\" \/><\/span> <\/label><\/span><\/p>\n<p><span style=\"color: #ffffff;\"><label> Sua mensagem<br \/>\n    <span class=\"wpcf7-form-control-wrap your-message\"><textarea name=\"your-message\" cols=\"40\" rows=\"10\" class=\"wpcf7-form-control wpcf7-textarea\" aria-invalid=\"false\"><\/textarea><\/span> <\/label><\/span><\/p>\n<p><input type=\"submit\" value=\"Enviar\" class=\"wpcf7-form-control wpcf7-submit\" \/><\/p>\n<div class=\"wpcf7-response-output\" role=\"alert\" aria-hidden=\"true\"><\/div><\/form><\/div>[\/vc_column][\/vc_row]<\/p>\n<\/div>","protected":false},"excerpt":{"rendered":"<p>[vc_row css=&#8221;.vc_custom_1723489147120{padding-top: 30px !important;padding-right: 20px !important;padding-bottom: 30px !important;padding-left: 20px !important;background-color: #547a02 !important;}&#8221;][vc_column][vc_column_text] Fa\u00e7a sua den\u00fancia Preencha o formul\u00e1rio abaixo para reportar qualquer incidente ou situa\u00e7\u00e3o que precise de aten\u00e7\u00e3o. Sua den\u00fancia pode ser feita de forma an\u00f4nima ou identificada, conforme sua prefer\u00eancia. Garantimos a confidencialidade de todas as informa\u00e7\u00f5es fornecidas.<\/p>\n","protected":false},"author":1,"featured_media":0,"parent":0,"menu_order":0,"comment_status":"closed","ping_status":"closed","template":"","meta":{"_monsterinsights_skip_tracking":false,"_monsterinsights_sitenote_active":false,"_monsterinsights_sitenote_note":"","_monsterinsights_sitenote_category":0,"footnotes":""},"class_list":["post-15078","page","type-page","status-publish","hentry"],"yoast_head":"<!-- This site is optimized with the Yoast SEO plugin v27.0 - https:\/\/yoast.com\/product\/yoast-seo-wordpress\/ -->\n<title>Den\u00fancia - Cerca Viva<\/title>\n<meta name=\"robots\" content=\"index, follow, max-snippet:-1, max-image-preview:large, max-video-preview:-1\" \/>\n<link rel=\"canonical\" href=\"https:\/\/cercaviva.agr.br\/?page_id=15078\" \/>\n<meta property=\"og:locale\" content=\"pt_BR\" \/>\n<meta property=\"og:type\" content=\"article\" \/>\n<meta property=\"og:title\" content=\"Den\u00fancia - Cerca Viva\" \/>\n<meta property=\"og:description\" content=\"[vc_row css=&#8221;.vc_custom_1723489147120{padding-top: 30px !important;padding-right: 20px !important;padding-bottom: 30px !important;padding-left: 20px !important;background-color: #547a02 !important;}&#8221;][vc_column][vc_column_text] Fa\u00e7a sua den\u00fancia Preencha o formul\u00e1rio abaixo para reportar qualquer incidente ou situa\u00e7\u00e3o que precise de aten\u00e7\u00e3o. Sua den\u00fancia pode ser feita de forma an\u00f4nima ou identificada, conforme sua prefer\u00eancia. Garantimos a confidencialidade de todas as informa\u00e7\u00f5es fornecidas.\" \/>\n<meta property=\"og:url\" content=\"https:\/\/cercaviva.agr.br\/?page_id=15078\" \/>\n<meta property=\"og:site_name\" content=\"Cerca Viva\" \/>\n<meta property=\"article:modified_time\" content=\"2024-08-12T19:06:18+00:00\" \/>\n<meta name=\"twitter:card\" content=\"summary_large_image\" \/>\n<meta name=\"twitter:label1\" content=\"Est. tempo de leitura\" \/>\n\t<meta name=\"twitter:data1\" content=\"1 minuto\" \/>\n<script type=\"application\/ld+json\" class=\"yoast-schema-graph\">{\"@context\":\"https:\/\/schema.org\",\"@graph\":[{\"@type\":\"WebPage\",\"@id\":\"https:\/\/cercaviva.agr.br\/?page_id=15078\",\"url\":\"https:\/\/cercaviva.agr.br\/?page_id=15078\",\"name\":\"Den\u00fancia - Cerca Viva\",\"isPartOf\":{\"@id\":\"https:\/\/cercaviva.agr.br\/#website\"},\"datePublished\":\"2024-08-12T18:56:02+00:00\",\"dateModified\":\"2024-08-12T19:06:18+00:00\",\"breadcrumb\":{\"@id\":\"https:\/\/cercaviva.agr.br\/?page_id=15078#breadcrumb\"},\"inLanguage\":\"pt-BR\",\"potentialAction\":[{\"@type\":\"ReadAction\",\"target\":[\"https:\/\/cercaviva.agr.br\/?page_id=15078\"]}]},{\"@type\":\"BreadcrumbList\",\"@id\":\"https:\/\/cercaviva.agr.br\/?page_id=15078#breadcrumb\",\"itemListElement\":[{\"@type\":\"ListItem\",\"position\":1,\"name\":\"In\u00edcio\",\"item\":\"https:\/\/cercaviva.agr.br\/\"},{\"@type\":\"ListItem\",\"position\":2,\"name\":\"Den\u00fancia\"}]},{\"@type\":\"WebSite\",\"@id\":\"https:\/\/cercaviva.agr.br\/#website\",\"url\":\"https:\/\/cercaviva.agr.br\/\",\"name\":\"Cerca Viva\",\"description\":\"\",\"potentialAction\":[{\"@type\":\"SearchAction\",\"target\":{\"@type\":\"EntryPoint\",\"urlTemplate\":\"https:\/\/cercaviva.agr.br\/?s={search_term_string}\"},\"query-input\":{\"@type\":\"PropertyValueSpecification\",\"valueRequired\":true,\"valueName\":\"search_term_string\"}}],\"inLanguage\":\"pt-BR\"}]}<\/script>\n<!-- \/ Yoast SEO plugin. -->","yoast_head_json":{"title":"Den\u00fancia - Cerca Viva","robots":{"index":"index","follow":"follow","max-snippet":"max-snippet:-1","max-image-preview":"max-image-preview:large","max-video-preview":"max-video-preview:-1"},"canonical":"https:\/\/cercaviva.agr.br\/?page_id=15078","og_locale":"pt_BR","og_type":"article","og_title":"Den\u00fancia - Cerca Viva","og_description":"[vc_row css=&#8221;.vc_custom_1723489147120{padding-top: 30px !important;padding-right: 20px !important;padding-bottom: 30px !important;padding-left: 20px !important;background-color: #547a02 !important;}&#8221;][vc_column][vc_column_text] Fa\u00e7a sua den\u00fancia Preencha o formul\u00e1rio abaixo para reportar qualquer incidente ou situa\u00e7\u00e3o que precise de aten\u00e7\u00e3o. Sua den\u00fancia pode ser feita de forma an\u00f4nima ou identificada, conforme sua prefer\u00eancia. Garantimos a confidencialidade de todas as informa\u00e7\u00f5es fornecidas.","og_url":"https:\/\/cercaviva.agr.br\/?page_id=15078","og_site_name":"Cerca Viva","article_modified_time":"2024-08-12T19:06:18+00:00","twitter_card":"summary_large_image","twitter_misc":{"Est. tempo de leitura":"1 minuto"},"schema":{"@context":"https:\/\/schema.org","@graph":[{"@type":"WebPage","@id":"https:\/\/cercaviva.agr.br\/?page_id=15078","url":"https:\/\/cercaviva.agr.br\/?page_id=15078","name":"Den\u00fancia - Cerca Viva","isPartOf":{"@id":"https:\/\/cercaviva.agr.br\/#website"},"datePublished":"2024-08-12T18:56:02+00:00","dateModified":"2024-08-12T19:06:18+00:00","breadcrumb":{"@id":"https:\/\/cercaviva.agr.br\/?page_id=15078#breadcrumb"},"inLanguage":"pt-BR","potentialAction":[{"@type":"ReadAction","target":["https:\/\/cercaviva.agr.br\/?page_id=15078"]}]},{"@type":"BreadcrumbList","@id":"https:\/\/cercaviva.agr.br\/?page_id=15078#breadcrumb","itemListElement":[{"@type":"ListItem","position":1,"name":"In\u00edcio","item":"https:\/\/cercaviva.agr.br\/"},{"@type":"ListItem","position":2,"name":"Den\u00fancia"}]},{"@type":"WebSite","@id":"https:\/\/cercaviva.agr.br\/#website","url":"https:\/\/cercaviva.agr.br\/","name":"Cerca Viva","description":"","potentialAction":[{"@type":"SearchAction","target":{"@type":"EntryPoint","urlTemplate":"https:\/\/cercaviva.agr.br\/?s={search_term_string}"},"query-input":{"@type":"PropertyValueSpecification","valueRequired":true,"valueName":"search_term_string"}}],"inLanguage":"pt-BR"}]}},"_links":{"self":[{"href":"https:\/\/cercaviva.agr.br\/index.php?rest_route=\/wp\/v2\/pages\/15078","targetHints":{"allow":["GET"]}}],"collection":[{"href":"https:\/\/cercaviva.agr.br\/index.php?rest_route=\/wp\/v2\/pages"}],"about":[{"href":"https:\/\/cercaviva.agr.br\/index.php?rest_route=\/wp\/v2\/types\/page"}],"author":[{"embeddable":true,"href":"https:\/\/cercaviva.agr.br\/index.php?rest_route=\/wp\/v2\/users\/1"}],"replies":[{"embeddable":true,"href":"https:\/\/cercaviva.agr.br\/index.php?rest_route=%2Fwp%2Fv2%2Fcomments&post=15078"}],"version-history":[{"count":9,"href":"https:\/\/cercaviva.agr.br\/index.php?rest_route=\/wp\/v2\/pages\/15078\/revisions"}],"predecessor-version":[{"id":15081,"href":"https:\/\/cercaviva.agr.br\/index.php?rest_route=\/wp\/v2\/pages\/15078\/revisions\/15081"}],"wp:attachment":[{"href":"https:\/\/cercaviva.agr.br\/index.php?rest_route=%2Fwp%2Fv2%2Fmedia&parent=15078"}],"curies":[{"name":"wp","href":"https:\/\/api.w.org\/{rel}","templated":true}]}}